undred thousands digit of 94297627?
2
What is the thousands digit of 1141701840?
1
What is the millions digit of 6778307?
6
What is the units digit of 304384188?
8
What is the tens digit of 64333458?
5
What is the hundred thousands digit of 732432034?
4
What is the ten millions digit of 4076609937?
7
What is the millions digit of 490673965?
0
What is the ten thousands digit of 614058277?
5
What is the ten thousands digit of 12296641?
9
What is the ten thousands digit of 1331907877?
0
What is the hundred thousands digit of 3482856793?
8
What is the units digit of 24780121?
1
What is the ten millions digit of 1711941191?
1
What is the hundreds digit of 1343701554?
5
What is the ten millions digit of 31495752?
3
What is the billions digit of 2644696636?
2
What is the tens digit of 7398568493?
9
What is the ten thousands digit of 661358431?
5
What is the ten thousands digit of 418255279?
5
What is the hundreds digit of 43130904?
9
What is the units digit of 300190306?
6
What is the tens digit of 2553059405?
0
What is the hundreds digit of 419235615?
6
What is the thousands digit of 2853374703?
4
What is the hundreds digit of 198575855?
8
What is the units digit of 86281909?
9
What is the tens digit of 44648697?
9
What is the ten thousands digit of 3613207461?
0
What is the millions digit of 902149000?
2
What is the hundreds digit of 76965493?
4
What is the millions digit of 301985531?
1
What is the hundreds digit of 232459254?
2
What is the units digit of 174833819?
9
What is the hundred thousands digit of 25552898?
5
What is the millions digit of 2520054456?
0
What is the units digit of 174945517?
7
What is the thousands digit of 76179539?
9
What is the millions digit of 250467164?
0
What is the hundreds digit of 84988042?
0
What is the ten thousands digit of 242270595?
7
What is the hundreds digit of 200747241?
2
What is the ten thousands digit of 1132126035?
2
What is the ten millions digit of 1297652547?
9
What is the units digit of 14285776?
6
What is the units digit of 85395322?
2
What is the ten millions digit of 389286758?
8
What is the thousands digit of 774206770?
6
What is the units digit of 22825882?
2
What is the units digit of 450238570?
0
What is the hundred thousands digit of 4023969488?
9
What is the tens digit of 3069551068?
6
What is the millions digit of 165412847?
5
What is the millions digit of 4744430?
4
What is the hundred thousands digit of 124361202?
3
What is the hundred thousands digit of 3200622341?
6
What is the ten millions digit of 1034644694?
3
What is the hundreds digit of 124885896?
8
What is the hundred millions digit of 1074762983?
0
What is the hundred thousands digit of 1570644212?
6
What is the billions digit of 1648834224?
1
What is the hundreds digit of 465247567?
5
What is the ten millions digit of 2368632131?
6
What is the billions digit of 6286848092?
6
What is the billions digit of 1133187259?
1
What is the hundred thousands digit of 2351809367?
8
What is the millions digit of 3503868860?
3
What is the thousands digit of 95543?
5
What is the thousands digit of 659451950?
1
What is the hundred thousands digit of 276960435?
9
What is the hundred thousands digit of 12889849?
8
What is the hundreds digit of 142184516?
5
What is the ten thousands digit of 155820344?
2
What is the ten millions digit of 15063423?
1
What is the hundred thousands digit of 1465544581?
5
What is the millions digit of 5569725?
5
What is the ten thousands digit of 54977964?
7
What is the millions digit of 296743959?
6
What is the hundred thousands digit of 2329415285?
4
What is the hundred millions digit of 129777216?
1
What is the hundred thousands digit of 1130161283?
1
What is the millions digit of 543030852?
3
What is the thousands digit of 985223913?
3
What is the hundred thousands digit of 53395458?
3
What is the ten millions digit of 95087693?
9
What is the tens digit of 14178700?
0
What is the tens digit of 412518991?
9
What is the ten thousands digit of 731499676?
9
What is the ten thousands digit of 565194306?
9
What is the millions digit of 25382325?
5
What is the ten thousands digit of 96428756?
2
What is the ten thousands digit of 626781611?
8
What is the tens digit of 922428658?
5
What is the thousands digit of 255290965?
0
What is the tens digit of 309980982?
8
What is the hundreds digit of 196233987?
9
What is the hundreds digit of 7741010038?
0
What is the ten millions digit of 945735626?
4
What is the ten thousands digit of 312164066?
6
What is the thousands digit of 952076161?
6
What is the tens digit of 4287338329?
2
What is the hundred thousands digit of 757078607?
0
What is the hundred thousands digit of 44350448?
3
What is the tens digit of 19917866?
6
What is the millions digit of 143953373?
3
What is the hundreds digit of 364112232?
2
What is the units digit of 8370052014?
4
What is the tens digit of 650528557?
5
What is the ten thousands digit of 2322466757?
6
What is the hundred millions digit of 3576963742?
5
What is the ten thousands digit of 34234980?
3
What is the thousands digit of 2519789657?
9
What is the hundreds digit of 3152532246?
2
What is the hundred thousands digit of 20720196?
7
What is the millions digit of 910480138?
0
What is the ten thousands digit of 647217759?
1
What is the ten millions digit of 80342483?
8
What is the hundred thousands digit of 23545635?
5
What is the hundreds digit of 1699231909?
9
What is the ten thousands digit of 402278844?
7
What is the units digit of 1943460947?
7
What is the thousands digit of 78017099?
7
What is the hundreds digit of 518622389?
3
What is the ten thousands digit of 346043151?
4
What is the hundred thousands digit of 175658708?
6
What is the thousands digit of 29837332?
7
What is the units digit of 1311555975?
5
What is the thousands digit of 1606861299?
1
What is the tens digit of 1951949741?
4
What is the ten thousands digit of 44040187?
4
What is the tens digit of 107476132?
3
What is the ten millions digit of 1393614850?
9
What is the hundred thousands digit of 770880297?
8
What is the hundreds digit of 786706938?
9
What is the hundreds digit of 72035856?
8
What is the tens digit of 58109245?
4
What is the ten thousands digit of 804376585?
7
What is the ten millions digit of 71865303?
7
What is the ten thousands digit of 77140128?
4
What is the tens digit of 41029110?
1
What is the hundreds digit of 1824754038?
0
What is the millions digit of 144552423?
4
What is the units digit of 900662878?
8
What is the ten millions digit of 934953652?
3
What is the hundreds digit of 193944934?
9
What is the hundreds digit of 539540593?
5
What is the ten thousands digit of 160306113?
0
What is the millions digit of 28113899?
8
What is the thousands digit of 66579562?
9
What is the thousands digit of 105236383?
6
What is the thousands digit of 74831266?
1
What is the thousands digit of 116765970?
5
What is the units digit of 24901002?
2
What is the ten thousands digit of 732421257?
2
What is the ten millions digit of 20061776?
2
What is the units digit of 17653136?
6
What is the tens digit of 57003727?
2
What is the units digit of 33482051?
1
What is the thousands digit of 640658579?
8
What is the ten thousands digit of 1122513163?
1
What is the millions digit of 1048519359?
8
What is the ten thousands digit of 174570694?
7
What is the hundred millions digit of 101633088?
1
What is the hundred millions digit of 1276524038?
2
What is the units digit of 40499743?
3
What is the ten millions digit of 55279392?
5
What is the ten millions digit of 226567973?
2
What is the ten thousands digit of 167620968?
2
What is the hundred thousands digit of 109538053?
5
What is the ten thousands digit of 431612460?
1
What is the ten thousands digit of 158715640?
1
What is the tens digit of 28632637?
3
What is the hundreds digit of 1839576795?
7
What is the hundred thousands digit of 14217094?
2
What is the ten thousands digit of 1959129483?
2
What is the units digit of 81983086?
6
What is the units digit of 35747464?
4
What is the ten millions digit of 452540209?
5
What is the hundreds digit of 77117678?
6
What is the hundred millions digit of 506430481?
5
What is the billions digit of 1423338333?
1
What is the hundred millions digit of 456347789?
4
What is the hundre